{"id":6,"date":"2022-08-12T10:39:55","date_gmt":"2022-08-12T08:39:55","guid":{"rendered":"https:\/\/www.sexseite.net\/fetisch-kontakte\/?page_id=6"},"modified":"2024-09-13T12:57:59","modified_gmt":"2024-09-13T10:57:59","slug":"fetisch-kontakte-start","status":"publish","type":"page","link":"https:\/\/www.sexseite.net\/fetisch-kontakte\/","title":{"rendered":"fetisch kontakte start"},"content":{"rendered":"<h2>Beste Fetisch Kontakte &#038; Fetischchat Seiten<\/h2>\n<p>Finde deine Gespielin, die deinen Fetisch mit dir teilt und ihn mit dir live und\/oder real auslebt! Nur die besten Portale f\u00fcr private Fetisch Kontakte werden hier vorgestellt. Au\u00dferdem warten exklusive Sexseiten mit 1:1 Fetischchat auf dich.<\/p>\n<hr \/>\n<h3>Sex Kontakte zu Natursekt verabreden<\/h3>\n<p><a href=\"https:\/\/www.natursekt-kontakte.net\/\" target=\"_blank\" rel=\"noopener noreferrer\">www.natursekt-kontakte.net<\/a><br \/>\nVerf\u00fchrt von dem besonderen Kick, dem Reiz des Besonderen, sehnst du dich nach aufregenden Abenteuern im Fetisch Bereich Natursekt? Dann wage den Schritt in eine sinnliche Welt, in der Geheimnisse enth\u00fcllt und Tabus gebrochen werden. Kontakte, die deine verborgensten Fantasien teilen, warten nur darauf, von dir entdeckt zu werden. Schlie\u00dfe dich denen an, die den Nervenkitzel lieben und erlebe unvergessliche Momente voller Leidenschaft und Hingabe mit Natursektspielen. Sei mutig, sei neugierig und lass deine Lust befreien &#8211; verabrede dich noch heute mit Gleichgesinnten und tauche ein in die frivole Welt des Natursekt-Fetischs.<\/p>\n<h3>Fetisch Sexchat mit Cam<\/h3>\n<p><a href=\"https:\/\/www.fetischsexchat.com\/\" target=\"_blank\" rel=\"noopener noreferrer\">www.fetischsexchat.com<\/a><br \/>\nEndlich kannst du dich mit gleichgesinnten Fetischistinnen &#038; Dominas wie Lady Midnight, Sari Sander oder Calea Toxic jederzeit per Chat &#038; Webcam \u00fcber deine Vorlieben austauschen.<\/p>\n<h3>Fetischtreffen verabreden<\/h3>\n<p><a href=\"https:\/\/www.fetischsexdate.com\/\" target=\"_blank\" rel=\"noopener noreferrer\">www.fetischsexdate.com<\/a><br \/>\nEndlich kannst du genau in deiner Stadt schauen, welche Fetischistinnen &#038; Fetischisten nach einem Treffen suchen. Hier verabredet man ganz einfach Fetisch Sexdates in der N\u00e4he!<\/p>\n<h3>Cuckold trifft Mistress im Sexchat<\/h3>\n<p><a href=\"https:\/\/www.cuckold-chat.net\/\" target=\"_blank\" rel=\"noopener noreferrer\">www.cuckold-chat.net<\/a><br \/>\nDu bist gerne der Cuckold, der von seinem Hotwife, seiner Herrin niedergemacht und gedem\u00fctigt oder erzogen wird? Im Chat f\u00fcr Cuckolds triffst du auf hei\u00dfe Frauen, die deinen Fetisch teilen!<\/p>\n<h3>Natursekt Sex Treffen<\/h3>\n<p><a href=\"https:\/\/www.natursektdating.net\/\" target=\"_blank\" rel=\"noopener noreferrer\">www.natursektdating.net<\/a><br \/>\nGleichgesinnte zu finden, die auf Natursekt stehen und gleichzeitig jemanden suchen, der diesen Fetisch real ausleben m\u00f6chte &#8211; genau das kannst du hier im NS Dating Portal.<\/p>\n<h3>Verabrede private Treffen mit Dominas<\/h3>\n<p><a href=\"https:\/\/www.herrin-kontakte.top\/\" target=\"_blank\" rel=\"noopener noreferrer\">www.herrin-kontakte.top<\/a><br \/>\nTauche ein in eine Welt devoter Vergn\u00fcgen und finde deine perfekte Herrin. Erlebe Dominanz, Unterwerfung und erf\u00fcllende Befehle bei einem privaten Sex Treffen. Tritt ein und erlebe die Faszination von Kontakten zu Herrinnen aus deiner N\u00e4he.<\/p>\n<hr \/>\n<h2>Fetischdating und private BDSM Sex Kontakte<\/h2>\n<p>Es gibt viele Wege, im Internet diverse Fetischisten und BDSMler kennenzulernen. Wir haben daher bewusst sowohl Fetischchat Seiten hier aufgelistet, als auch spezielle Communities f\u00fcr Fetisch Kontakte aller Art. Gemeinsam haben sie wie immer, dass der Zugang, also die Mitgliedschaft, kostenlos ist.<\/p>\n<h3>Welche Vorteile hat die Mitgliedschaft in einem Portal f\u00fcr Fetischkontakte?<\/h3>\n<ul>\n<li>Einfach auf gleichgesinnte Fetischistinnen treffen<\/li>\n<li>Fetisch frei und ohne Scham ausleben<\/li>\n<li>Gespielinnen im Bereich BDSM finden<\/li>\n<li>Direkte Kontakte per Chat und Nachrichten<\/li>\n<li>Reale Sextreffen zu deinem Fetisch oder BDSM Sessions verabreden<\/li>\n<\/ul>\n<p><img loading=\"lazy\" decoding=\"async\" src=\"https:\/\/www.sexseite.net\/fetisch-kontakte\/wp-content\/uploads\/sites\/6\/2022\/08\/fetisch-kontakte-natursekt-treffen.jpg\" alt=\"Fetisch Kontakte Natursekt Treffen\" width=\"780\" height=\"468\" class=\"alignleft size-full wp-image-7\" srcset=\"https:\/\/www.sexseite.net\/fetisch-kontakte\/wp-content\/uploads\/sites\/6\/2022\/08\/fetisch-kontakte-natursekt-treffen.jpg 780w, https:\/\/www.sexseite.net\/fetisch-kontakte\/wp-content\/uploads\/sites\/6\/2022\/08\/fetisch-kontakte-natursekt-treffen-300x180.jpg 300w, https:\/\/www.sexseite.net\/fetisch-kontakte\/wp-content\/uploads\/sites\/6\/2022\/08\/fetisch-kontakte-natursekt-treffen-768x461.jpg 768w\" sizes=\"auto, (max-width: 780px) 100vw, 780px\" \/><\/p>\n<p>Melde dich doch mal bei einem Portal f\u00fcr Fetisch Dating oder mit <a href=\"https:\/\/www.sexseite.net\/sexcam-chat\/\">Sexcam Chat<\/a> zu diversen Fetischen an und probiere es aus. Du kannst dich \u00fcberall umschauen und sehen, ob dir der Fetischbereich oder der BDSM Bereich einer Website gef\u00e4llt. Dann kannst du selbst entscheiden, wie weit du gehen m\u00f6chtest, um z.B. eine Domina oder eine Gespielin f\u00fcr Natursekt Treffen kennenzulernen.<\/p>\n","protected":false},"excerpt":{"rendered":"<p>Beste Fetisch Kontakte &#038; Fetischchat Seiten Finde deine Gespielin, die deinen Fetisch mit dir teilt und ihn mit dir live<\/p>\n","protected":false},"author":1,"featured_media":0,"parent":0,"menu_order":0,"comment_status":"closed","ping_status":"closed","template":"","meta":{"footnotes":""},"class_list":["post-6","page","type-page","status-publish","hentry"],"yoast_head":"<!-- This site is optimized with the Yoast SEO plugin v27.6 - https:\/\/yoast.com\/product\/yoast-seo-wordpress\/ -->\n<title>Beste Fetisch Kontakte &amp; Fetischchat Seiten<\/title>\n<meta name=\"description\" content=\"Diskrete Fetisch Kontakte f\u00fcr reale Treffen &amp; Livesex \u271a\u27a4 Deutschlands beste Fetischseiten \u270a Verabrede dich im Fetischchat mit Gleichgesinnten!\" \/>\n<meta name=\"robots\" content=\"index, follow, max-snippet:-1, max-image-preview:large, max-video-preview:-1\" \/>\n<link rel=\"canonical\" href=\"https:\/\/www.sexseite.net\/fetisch-kontakte\/\" \/>\n<meta property=\"og:locale\" content=\"de_DE\" \/>\n<meta property=\"og:type\" content=\"article\" \/>\n<meta property=\"og:title\" content=\"Beste Fetisch Kontakte &amp; Fetischchat Seiten\" \/>\n<meta property=\"og:description\" content=\"Diskrete Fetisch Kontakte f\u00fcr reale Treffen &amp; Livesex \u271a\u27a4 Deutschlands beste Fetischseiten \u270a Verabrede dich im Fetischchat mit Gleichgesinnten!\" \/>\n<meta property=\"og:url\" content=\"https:\/\/www.sexseite.net\/fetisch-kontakte\/\" \/>\n<meta property=\"og:site_name\" content=\"Beste Fetisch Kontakte &amp; Fetischchat Seiten\" \/>\n<meta property=\"article:modified_time\" content=\"2024-09-13T10:57:59+00:00\" \/>\n<meta property=\"og:image\" content=\"https:\/\/www.sexseite.net\/fetisch-kontakte\/wp-content\/uploads\/sites\/6\/2022\/08\/fetisch-kontakte-natursekt-treffen.jpg\" \/>\n<meta name=\"twitter:card\" content=\"summary_large_image\" \/>\n<meta name=\"twitter:label1\" content=\"Gesch\u00e4tzte Lesezeit\" \/>\n\t<meta name=\"twitter:data1\" content=\"3\u00a0Minuten\" \/>\n<script type=\"application\/ld+json\" class=\"yoast-schema-graph\">{\"@context\":\"https:\\\/\\\/schema.org\",\"@graph\":[{\"@type\":\"WebPage\",\"@id\":\"https:\\\/\\\/www.sexseite.net\\\/fetisch-kontakte\\\/\",\"url\":\"https:\\\/\\\/www.sexseite.net\\\/fetisch-kontakte\\\/\",\"name\":\"Beste Fetisch Kontakte & Fetischchat Seiten\",\"isPartOf\":{\"@id\":\"https:\\\/\\\/www.sexseite.net\\\/fetisch-kontakte\\\/#website\"},\"primaryImageOfPage\":{\"@id\":\"https:\\\/\\\/www.sexseite.net\\\/fetisch-kontakte\\\/#primaryimage\"},\"image\":{\"@id\":\"https:\\\/\\\/www.sexseite.net\\\/fetisch-kontakte\\\/#primaryimage\"},\"thumbnailUrl\":\"https:\\\/\\\/www.sexseite.net\\\/fetisch-kontakte\\\/wp-content\\\/uploads\\\/sites\\\/6\\\/2022\\\/08\\\/fetisch-kontakte-natursekt-treffen.jpg\",\"datePublished\":\"2022-08-12T08:39:55+00:00\",\"dateModified\":\"2024-09-13T10:57:59+00:00\",\"description\":\"Diskrete Fetisch Kontakte f\u00fcr reale Treffen & Livesex \u271a\u27a4 Deutschlands beste Fetischseiten \u270a Verabrede dich im Fetischchat mit Gleichgesinnten!\",\"breadcrumb\":{\"@id\":\"https:\\\/\\\/www.sexseite.net\\\/fetisch-kontakte\\\/#breadcrumb\"},\"inLanguage\":\"de\",\"potentialAction\":[{\"@type\":\"ReadAction\",\"target\":[\"https:\\\/\\\/www.sexseite.net\\\/fetisch-kontakte\\\/\"]}]},{\"@type\":\"ImageObject\",\"inLanguage\":\"de\",\"@id\":\"https:\\\/\\\/www.sexseite.net\\\/fetisch-kontakte\\\/#primaryimage\",\"url\":\"https:\\\/\\\/www.sexseite.net\\\/fetisch-kontakte\\\/wp-content\\\/uploads\\\/sites\\\/6\\\/2022\\\/08\\\/fetisch-kontakte-natursekt-treffen.jpg\",\"contentUrl\":\"https:\\\/\\\/www.sexseite.net\\\/fetisch-kontakte\\\/wp-content\\\/uploads\\\/sites\\\/6\\\/2022\\\/08\\\/fetisch-kontakte-natursekt-treffen.jpg\",\"width\":780,\"height\":468,\"caption\":\"Fetisch Kontakte Natursekt Treffen\"},{\"@type\":\"BreadcrumbList\",\"@id\":\"https:\\\/\\\/www.sexseite.net\\\/fetisch-kontakte\\\/#breadcrumb\",\"itemListElement\":[{\"@type\":\"ListItem\",\"position\":1,\"name\":\"Startseite\",\"item\":\"https:\\\/\\\/www.sexseite.net\\\/fetisch-kontakte\\\/\"},{\"@type\":\"ListItem\",\"position\":2,\"name\":\"fetisch kontakte start\"}]},{\"@type\":\"WebSite\",\"@id\":\"https:\\\/\\\/www.sexseite.net\\\/fetisch-kontakte\\\/#website\",\"url\":\"https:\\\/\\\/www.sexseite.net\\\/fetisch-kontakte\\\/\",\"name\":\"Beste Fetisch Kontakte & Fetischchat Seiten\",\"description\":\"Eine weitere Beste Sexseite | Top Sexseiten Deutschlands mit Gratis Zugang Websites Website\",\"potentialAction\":[{\"@type\":\"SearchAction\",\"target\":{\"@type\":\"EntryPoint\",\"urlTemplate\":\"https:\\\/\\\/www.sexseite.net\\\/fetisch-kontakte\\\/?s={search_term_string}\"},\"query-input\":{\"@type\":\"PropertyValueSpecification\",\"valueRequired\":true,\"valueName\":\"search_term_string\"}}],\"inLanguage\":\"de\"}]}<\/script>\n<!-- \/ Yoast SEO plugin. -->","yoast_head_json":{"title":"Beste Fetisch Kontakte & Fetischchat Seiten","description":"Diskrete Fetisch Kontakte f\u00fcr reale Treffen & Livesex \u271a\u27a4 Deutschlands beste Fetischseiten \u270a Verabrede dich im Fetischchat mit Gleichgesinnten!","robots":{"index":"index","follow":"follow","max-snippet":"max-snippet:-1","max-image-preview":"max-image-preview:large","max-video-preview":"max-video-preview:-1"},"canonical":"https:\/\/www.sexseite.net\/fetisch-kontakte\/","og_locale":"de_DE","og_type":"article","og_title":"Beste Fetisch Kontakte & Fetischchat Seiten","og_description":"Diskrete Fetisch Kontakte f\u00fcr reale Treffen & Livesex \u271a\u27a4 Deutschlands beste Fetischseiten \u270a Verabrede dich im Fetischchat mit Gleichgesinnten!","og_url":"https:\/\/www.sexseite.net\/fetisch-kontakte\/","og_site_name":"Beste Fetisch Kontakte & Fetischchat Seiten","article_modified_time":"2024-09-13T10:57:59+00:00","og_image":[{"url":"https:\/\/www.sexseite.net\/fetisch-kontakte\/wp-content\/uploads\/sites\/6\/2022\/08\/fetisch-kontakte-natursekt-treffen.jpg","type":"","width":"","height":""}],"twitter_card":"summary_large_image","twitter_misc":{"Gesch\u00e4tzte Lesezeit":"3\u00a0Minuten"},"schema":{"@context":"https:\/\/schema.org","@graph":[{"@type":"WebPage","@id":"https:\/\/www.sexseite.net\/fetisch-kontakte\/","url":"https:\/\/www.sexseite.net\/fetisch-kontakte\/","name":"Beste Fetisch Kontakte & Fetischchat Seiten","isPartOf":{"@id":"https:\/\/www.sexseite.net\/fetisch-kontakte\/#website"},"primaryImageOfPage":{"@id":"https:\/\/www.sexseite.net\/fetisch-kontakte\/#primaryimage"},"image":{"@id":"https:\/\/www.sexseite.net\/fetisch-kontakte\/#primaryimage"},"thumbnailUrl":"https:\/\/www.sexseite.net\/fetisch-kontakte\/wp-content\/uploads\/sites\/6\/2022\/08\/fetisch-kontakte-natursekt-treffen.jpg","datePublished":"2022-08-12T08:39:55+00:00","dateModified":"2024-09-13T10:57:59+00:00","description":"Diskrete Fetisch Kontakte f\u00fcr reale Treffen & Livesex \u271a\u27a4 Deutschlands beste Fetischseiten \u270a Verabrede dich im Fetischchat mit Gleichgesinnten!","breadcrumb":{"@id":"https:\/\/www.sexseite.net\/fetisch-kontakte\/#breadcrumb"},"inLanguage":"de","potentialAction":[{"@type":"ReadAction","target":["https:\/\/www.sexseite.net\/fetisch-kontakte\/"]}]},{"@type":"ImageObject","inLanguage":"de","@id":"https:\/\/www.sexseite.net\/fetisch-kontakte\/#primaryimage","url":"https:\/\/www.sexseite.net\/fetisch-kontakte\/wp-content\/uploads\/sites\/6\/2022\/08\/fetisch-kontakte-natursekt-treffen.jpg","contentUrl":"https:\/\/www.sexseite.net\/fetisch-kontakte\/wp-content\/uploads\/sites\/6\/2022\/08\/fetisch-kontakte-natursekt-treffen.jpg","width":780,"height":468,"caption":"Fetisch Kontakte Natursekt Treffen"},{"@type":"BreadcrumbList","@id":"https:\/\/www.sexseite.net\/fetisch-kontakte\/#breadcrumb","itemListElement":[{"@type":"ListItem","position":1,"name":"Startseite","item":"https:\/\/www.sexseite.net\/fetisch-kontakte\/"},{"@type":"ListItem","position":2,"name":"fetisch kontakte start"}]},{"@type":"WebSite","@id":"https:\/\/www.sexseite.net\/fetisch-kontakte\/#website","url":"https:\/\/www.sexseite.net\/fetisch-kontakte\/","name":"Beste Fetisch Kontakte & Fetischchat Seiten","description":"Eine weitere Beste Sexseite | Top Sexseiten Deutschlands mit Gratis Zugang Websites Website","potentialAction":[{"@type":"SearchAction","target":{"@type":"EntryPoint","urlTemplate":"https:\/\/www.sexseite.net\/fetisch-kontakte\/?s={search_term_string}"},"query-input":{"@type":"PropertyValueSpecification","valueRequired":true,"valueName":"search_term_string"}}],"inLanguage":"de"}]}},"_links":{"self":[{"href":"https:\/\/www.sexseite.net\/fetisch-kontakte\/wp-json\/wp\/v2\/pages\/6","targetHints":{"allow":["GET"]}}],"collection":[{"href":"https:\/\/www.sexseite.net\/fetisch-kontakte\/wp-json\/wp\/v2\/pages"}],"about":[{"href":"https:\/\/www.sexseite.net\/fetisch-kontakte\/wp-json\/wp\/v2\/types\/page"}],"author":[{"embeddable":true,"href":"https:\/\/www.sexseite.net\/fetisch-kontakte\/wp-json\/wp\/v2\/users\/1"}],"replies":[{"embeddable":true,"href":"https:\/\/www.sexseite.net\/fetisch-kontakte\/wp-json\/wp\/v2\/comments?post=6"}],"version-history":[{"count":4,"href":"https:\/\/www.sexseite.net\/fetisch-kontakte\/wp-json\/wp\/v2\/pages\/6\/revisions"}],"predecessor-version":[{"id":31,"href":"https:\/\/www.sexseite.net\/fetisch-kontakte\/wp-json\/wp\/v2\/pages\/6\/revisions\/31"}],"wp:attachment":[{"href":"https:\/\/www.sexseite.net\/fetisch-kontakte\/wp-json\/wp\/v2\/media?parent=6"}],"curies":[{"name":"wp","href":"https:\/\/api.w.org\/{rel}","templated":true}]}}